{"id":6,"date":"2010-10-09T19:36:27","date_gmt":"2010-10-09T19:36:27","guid":{"rendered":"http:\/\/reiterkameradschaft-pfullingen.de\/wordpress\/?page_id=6"},"modified":"2022-03-11T12:20:07","modified_gmt":"2022-03-11T12:20:07","slug":"wir","status":"publish","type":"page","link":"http:\/\/reiterkameradschaft-pfullingen.de\/home\/wir\/","title":{"rendered":"Wir \u00fcber uns"},"content":{"rendered":"<h2>Die Vereinsgeschichte<\/h2>\n<p><span style=\"color: #888888;\"><span style=\"font-size: small;\"><em><span style=\"font-size: medium;\"><span style=\"color: #808080;\">Fast das ganze Jahr <span style=\"font-size: x-large;\">1959<\/span> hindurch traf sich im Klostergarten<br \/>\nregelm\u00e4\u00dfig eine kleine Gruppe junger Leute &#8211;<br \/>\n<\/span><\/span><\/em><\/span><\/span><span style=\"color: #888888;\"><span style=\"font-size: small;\"><em><span style=\"font-size: medium;\"><span style=\"color: #808080;\">reitsportbegeisterte Pferdefreunde. Gegen Ende des Jahres konnte<br \/>\nman daran denken einen Verein zu gr\u00fcnden.<\/span><\/span><\/em><\/span><\/span><\/p>\n<p><span style=\"color: #888888;\"><span style=\"font-size: small;\"><em><span style=\"font-size: medium;\"><span style=\"color: #808080;\">Dies geschah am <span style=\"font-size: x-large;\">12<\/span>. Dezember <span style=\"font-size: x-large;\">1959<\/span><br \/>\nin der Gr\u00fcndungsversammlung <\/span><\/span><\/em><\/span><\/span><span style=\"color: #888888;\"><span style=\"font-size: small;\"><em><span style=\"font-size: medium;\"><span style=\"color: #808080;\">im Gasthaus zum Bahnhof.<\/span><\/span><\/em><\/span><\/span><\/p>\n<p><span style=\"font-size: medium;\"><span style=\"color: #888888;\"><em><span style=\"color: #808080;\"><span style=\"font-size: x-large;\"><span style=\"font-size: medium;\">Der<\/span> Verein<\/span> erhielt den Namen:<\/span><\/em><\/span><\/span><span style=\"font-size: large;\"><span style=\"color: #888888;\"><em><span style=\"color: #808080;\"><span style=\"text-decoration: underline;\"><span style=\"font-family: &amp;amp;\">Reiterkameradschaft Pfullingen<\/span><\/span><\/span><\/em><\/span><\/span><\/p>\n<pre><span style=\"color: #888888;\"><span style=\"font-size: small;\"><em><span style=\"font-size: medium;\"><span style=\"color: #808080;\"><strong>Gr\u00fcndungsmitglieder:<\/strong> <\/span><\/span><\/em><\/span><\/span><\/pre>\n<pre><span style=\"color: #888888;\"><span style=\"font-size: small;\"><em><span style=\"font-size: medium;\"><span style=\"color: #808080;\">Ludwig Tr\u00f6ster \u00a0 \u00a0 \u00a0 \u00a0 \u00a0J\u00fcrgen Kirsch <\/span><\/span><\/em><\/span><\/span><\/pre>\n<pre><span style=\"color: #888888;\"><span style=\"font-size: small;\"><em><span style=\"font-size: medium;\"><span style=\"color: #808080;\">Christian Schurr \u00a0 \u00a0 \u00a0 Gerhard Barthold <\/span><\/span><\/em><\/span><\/span><\/pre>\n<pre><span style=\"color: #888888;\"><span style=\"font-size: small;\"><em><span style=\"font-size: medium;\"><span style=\"color: #808080;\">Gerhard Bosler \u00a0 \u00a0 \u00a0 \u00a0 Georg Hageloch <\/span><\/span><\/em><\/span><\/span><\/pre>\n<pre><span style=\"color: #888888;\"><span style=\"font-size: small;\"><em><span style=\"font-size: medium;\"><span style=\"color: #808080;\">G\u00fcnter Wolf \u00a0 \u00a0 \u00a0 \u00a0 \u00a0 \u00a0 Walter Schwille <\/span><\/span><\/em><\/span><\/span><\/pre>\n<pre><span style=\"color: #888888;\"><span style=\"font-size: small;\"><em><span style=\"font-size: medium;\"><span style=\"color: #808080;\">Friedrich Volk \u00a0 \u00a0 \u00a0 \u00a0 \u00a0Paul Beck <\/span><\/span><\/em><\/span><\/span><\/pre>\n<pre><span style=\"color: #888888;\"><span style=\"font-size: small;\"><em><span style=\"font-size: medium;\"><span style=\"color: #808080;\">Karl Schwille \u00a0 \u00a0 \u00a0 \u00a0 \u00a0 Eberhard Wucherer <\/span><\/span><\/em><\/span><\/span><\/pre>\n<pre><span style=\"color: #888888;\"><span style=\"font-size: small;\"><em><span style=\"font-size: medium;\"><span style=\"color: #808080;\">Werner Mutschler \u00a0 \u00a0 Heidrun Emmerich <\/span><\/span><\/em><\/span><\/span><\/pre>\n<pre><span style=\"color: #888888;\"><span style=\"font-size: small;\"><em><span style=\"font-size: medium;\"><span style=\"color: #808080;\">Willi Maier \u00a0 \u00a0 \u00a0 \u00a0 \u00a0 \u00a0 Kurt Riehle <\/span><\/span><\/em><\/span><\/span><\/pre>\n<pre><span style=\"color: #888888;\"><span style=\"font-size: small;\"><em><span style=\"font-size: medium;\"><span style=\"color: #808080;\">Dieter Griesinger Christa Hasel <\/span><\/span><\/em><\/span><\/span><\/pre>\n<pre><span style=\"color: #888888;\"><span style=\"font-size: small;\"><em><span style=\"font-size: medium;\"><span style=\"color: #808080;\">Fritz Rilling \u00a0 \u00a0 \u00a0 \u00a0 \u00a0 Horst Hasel <\/span><\/span><\/em><\/span><\/span><\/pre>\n<p><span style=\"color: #888888;\"><span style=\"font-size: small;\"><em><span style=\"font-size: medium;\"><span style=\"color: #808080;\"><span style=\"font-size: large;\"><strong>Die Wahlen ergaben:<\/strong><\/span><\/span><\/span><\/em><\/span><\/span><\/p>\n<p><span style=\"color: #888888;\"><span style=\"font-size: small;\"><em><span style=\"font-size: medium;\"><span style=\"color: #808080;\">1. Vorstand: Ludwig Tr\u00f6ster<\/span><\/span><\/em><\/span><\/span><\/p>\n<p><span style=\"color: #888888;\"><span style=\"font-size: small;\"><em><span style=\"font-size: medium;\"><span style=\"color: #808080;\">2. Vorstand: Christian Schurr<\/span><\/span><\/em><\/span><\/span><\/p>\n<p><span style=\"color: #888888;\"><span style=\"font-size: small;\"><em><span style=\"font-size: medium;\"><span style=\"color: #808080;\">Kassier: G\u00fcnther Wolf<\/span><\/span><\/em><\/span><\/span><\/p>\n<p><span style=\"color: #888888;\"><span style=\"font-size: small;\"><em><span style=\"font-size: medium;\"><span style=\"color: #808080;\">Platzwart: Frieder Volk<\/span><\/span><\/em><\/span><\/span><\/p>\n<p><span style=\"color: #888888;\"><span style=\"font-size: small;\"><em><span style=\"font-size: medium;\"><span style=\"color: #808080;\">Ausschuss- Mitglieder: <\/span><\/span><\/em><\/span><\/span><span style=\"color: #888888;\"><span style=\"font-size: small;\"><em><span style=\"font-size: medium;\"><span style=\"color: #808080;\">Karl Schwille, Willi Maier und Werner Mutschler<\/span><\/span><\/em><\/span><\/span><\/p>\n<p><span style=\"color: #888888;\"><span style=\"font-size: small;\"><em><span style=\"font-size: medium;\"><span style=\"color: #808080;\">Nach der <span style=\"font-size: x-large;\">G<\/span>r\u00fcndung waren rege Turnierbesuche der Pfullinger Reiter<br \/>\nin den umliegenden Vereinen an der Tagesordnung <\/span><\/span><\/em><\/span><\/span><span style=\"color: #888888;\"><span style=\"font-size: small;\"><em><span style=\"font-size: medium;\"><span style=\"color: #808080;\">und manche Preise<br \/>\nund Platzierungen wurden von ihnen nach Hause gebracht.<\/span><\/span><\/em><\/span><span style=\"font-size: small;\"><em><span style=\"font-size: medium;\"><span style=\"color: #808080;\"><br \/>\n<\/span><\/span><\/em><\/span><\/span><\/p>\n<p><span style=\"color: #888888;\"><span style=\"font-size: small;\"><em><span style=\"font-size: medium;\"><span style=\"color: #808080;\"> Dazwischen veranstaltete der neu gegr\u00fcndete Verein<br \/>\neigene Reitertage, Gel\u00e4nderitte und Herbstjagden.<\/span><\/span><\/em><\/span><\/span><span style=\"color: #888888;\"><span style=\"font-size: small;\"><em><span style=\"font-size: medium;\"><span style=\"color: #808080;\"><span style=\"font-size: x-large;\"><br \/>\n1961<\/span> wird von Gerhard Bossler eine Voltigiergruppe aufgebaut,<br \/>\ndie die Pferdebegeisterung bei der Jugend f\u00f6rderte <\/span><\/span><\/em><\/span><\/span><span style=\"color: #888888;\"><span style=\"font-size: small;\"><em><span style=\"font-size: medium;\"><span style=\"color: #808080;\">und f\u00fcr Reiternachwuchs sorgte.<\/span><\/span><\/em><\/span><\/span><\/p>\n<p><span style=\"color: #888888;\"><span style=\"font-size: small;\"><em><span style=\"font-size: medium;\"><span style=\"color: #808080;\">Das erste Reitturnier war im September <span style=\"font-size: x-large;\">1964<\/span>,<br \/>\nbei dem sich \u00fcber 80 Pferde aus befreundeten Vereinen beteiligten.<br \/>\n<\/span><\/span><\/em><\/span><\/span><span style=\"color: #888888;\"><span style=\"font-size: small;\"><em><span style=\"font-size: medium;\"><span style=\"color: #808080;\">Von da an wurde Jahr f\u00fcr Jahr ein eigenes Turnier abgehalten,<br \/>\nbei dem immer auch ein Gel\u00e4nderitt im Tannenwald eine besondere Attraktion war.<\/span><\/span><\/em><\/span><\/span><\/p>\n<p><span style=\"color: #888888;\"><span style=\"font-size: small;\"><em><span style=\"font-size: medium;\"><span style=\"color: #808080;\">Im Laufe der Jahre wuchs die Mitgliederzahl auf <span style=\"font-size: x-large;\">75<\/span> aktive Reiter an<br \/>\nund der Reitplatz im Klosterhof wurde mit der Zeit zu klein.<\/span><\/span><\/em><\/span><\/span><\/p>\n<p><span style=\"color: #888888;\"><span style=\"font-size: small;\"><em><span style=\"font-size: medium;\"><span style=\"color: #808080;\"> Der Verein bat die Stadt, ihm f\u00fcr den Bau einer Halle ein geeignetes Gel\u00e4nde zuzuweisen.<br \/>\n<\/span><\/span><\/em><\/span><\/span><span style=\"color: #888888;\"><span style=\"font-size: small;\"><em><span style=\"font-size: medium;\"><span style=\"color: #808080;\"><span style=\"font-size: x-large;\">1965<\/span> konnte mit der Stadt ein Pachtvertrag f\u00fcr das heutige Gel\u00e4nde abgeschlossen werden.<\/span><\/span><\/em><\/span><\/span><\/p>\n<p><span style=\"color: #888888;\"><span style=\"font-size: small;\"><em><span style=\"font-size: medium;\"><span style=\"color: #808080;\">Das Gel\u00e4nde wurde in vielen freiwilligen Arbeitseins\u00e4tzen abgeholzt,<br \/>\n<\/span><\/span><\/em><\/span><\/span><span style=\"color: #888888;\"><span style=\"font-size: small;\"><em><span style=\"font-size: medium;\"><span style=\"color: #808080;\">planiert und mit finanzieller Unterst\u00fctzung einiger G\u00f6nner des Vereins zur Bebauung hergerichtet.<\/span><\/span><\/em><\/span><\/span><\/p>\n<p><span style=\"color: #888888;\"><span style=\"font-size: small;\"><em><span style=\"font-size: medium;\"><span style=\"color: #808080;\">Richtfest am Hallenrohbau konnte am <span style=\"font-size: x-large;\">1<\/span>. September <span style=\"font-size: x-large;\">1966<\/span><br \/>\ngefeiert werden.<\/span><\/span><\/em><\/span><\/span><\/p>\n<p><span style=\"color: #888888;\"><span style=\"font-size: small;\"><em><span style=\"font-size: medium;\"><span style=\"color: #808080;\">Am Samstag, den <span style=\"font-size: x-large;\">4<\/span>. Mai <span style=\"font-size: x-large;\">1968<\/span> wurde die neue Reithalle eingeweiht.<br \/>\nMit reitsportlichen Darbietungen erfreute der Verein ein interessiertes<br \/>\nPublikum aus der Pfullinger Einwohnerschaft. Abends fand im<br \/>\nJahnhaus ein Festball statt. <\/span><\/span><\/em><\/span><\/span><span style=\"color: #888888;\"><span style=\"font-size: small;\"><em><span style=\"font-size: medium;\"><span style=\"color: #808080;\">3 Wochen nach der Einweihung der neuen<br \/>\nHalle fand bereits das erste Hallenturnier statt, bei dem sich<br \/>\ndie Pfullinger Reiter mit vielen Platzierungen hervortaten.<\/span><\/span><\/em><\/span><\/span><\/p>\n<p><span style=\"color: #888888;\"><span style=\"font-size: small;\"><em><span style=\"font-size: medium;\"><span style=\"color: #808080;\">Nach <span style=\"font-size: x-large;\">10<\/span> Jahren war die Mitgliederzahl auf 205 aktive und passive<br \/>\nPferdefreunde angewachsen.<\/span><\/span><\/em><\/span><\/span><\/p>\n<p><span style=\"color: #888888;\"><span style=\"font-size: small;\"><em><span style=\"font-size: medium;\"><span style=\"color: #808080;\">Am <span style=\"font-size: x-large;\">1<\/span>. September <span style=\"font-size: x-large;\">1971<\/span> wurde der Farrenstall gek\u00fcndigt,<br \/>\nin dem viele aktive Reiter und Pferdebesitzer ihre Pferde untergebracht hatten.<\/span><\/span><\/em><\/span><\/span><\/p>\n<p><span style=\"color: #888888;\"><span style=\"font-size: small;\"><em><span style=\"font-size: medium;\"><span style=\"color: #808080;\">Im Sommer <span style=\"font-size: x-large;\">1972<\/span> wurde mit dem Projekt Stallbau begonnen.<\/span><\/span><\/em><\/span><\/span><\/p>\n<p><span style=\"color: #888888;\"><span style=\"font-size: small;\"><em><span style=\"font-size: medium;\"><span style=\"color: #808080;\"><span style=\"font-size: x-large;\">1974<\/span> war es soweit, der Reitstall bei der Halle war fertig gestellt.<br \/>\nDer Stall war sofort ganz belegt, dazu hatten auch<br \/>\neinige Neuaufnahmen im Jahre 1974 gesorgt.<\/span><\/span><\/em><\/span><\/span><\/p>\n<p><span style=\"color: #888888;\"><span style=\"font-size: small;\"><em><span style=\"font-size: medium;\"><span style=\"color: #808080;\"><span style=\"font-size: x-large;\">1975<\/span> wurde mitten im Wald ein weiterer Reitplatz gebaut.<\/span><\/span><\/em><\/span><\/span><\/p>\n<p><span style=\"color: #888888;\"><span style=\"font-size: small;\"><em><span style=\"font-size: medium;\"><span style=\"color: #808080;\"><span style=\"font-size: x-large;\">1978<\/span> wurde die Halle renoviert. Die Bande,<br \/>\nder alte Hallenboden und morsche Bretter an den Au\u00dfenw\u00e4nden<br \/>\nwurden ausgebessert und erneuert.<\/span><\/span><\/em><\/span><\/span><\/p>\n<p><span style=\"color: #888888;\"><span style=\"font-size: small;\"><em><span style=\"font-size: medium;\"><span style=\"color: #808080;\"><span style=\"font-size: x-large;\">1979<\/span> feiert die Reiterkameradschaft mit einem 3-t\u00e4tigem<br \/>\nFestprogramm den 20. Geburtstag des Vereines.<\/span><\/span><\/em><\/span><\/span><\/p>\n<p><span style=\"color: #888888;\"><span style=\"font-size: small;\"><em><span style=\"font-size: medium;\"><span style=\"color: #808080;\"><span style=\"font-size: x-large;\">1984<\/span> Jubil\u00e4umsturnier <\/span><\/span><\/em><\/span><\/span><span style=\"color: #888888;\"><span style=\"font-size: small;\"><em><span style=\"font-size: medium;\"><span style=\"color: #808080;\">Ludwig Tr\u00f6ster ist 25 Jahre Vorstand,<br \/>\ner erh\u00e4lt die Medaille der Stadt Pfullingen von B\u00fcrgermeister<br \/>\nRudolf He\u00df.<\/span><\/span><\/em><\/span><\/span><\/p>\n<p><span style=\"color: #888888;\"><span style=\"font-size: small;\"><em><span style=\"font-size: medium;\"><span style=\"color: #808080;\"><span style=\"font-size: x-large;\">1985<\/span> Frau Gertrud Votteler erh\u00e4lt die bronzene Ehrennadel<br \/>\nder W\u00fcrttembergischen Sportjugend, nach 16 Jahren Voltigierunterricht.<\/span><\/span><\/em><\/span><\/span><\/p>\n<p><span style=\"color: #888888;\"><span style=\"font-size: small;\"><em><span style=\"font-size: medium;\"><span style=\"color: #808080;\"><span style=\"font-size: x-large;\">1987<\/span> Ludwig Tr\u00f6ster tritt nach 27 Jahren Vorstand <\/span><\/span><\/em><\/span><\/span><span style=\"color: #888888;\"><span style=\"font-size: small;\"><em><span style=\"font-size: medium;\"><span style=\"color: #808080;\"><br \/>\naus gesundheitlichen Gr\u00fcnden zur\u00fcck.<br \/>\n<\/span><\/span><\/em><\/span><\/span><span style=\"color: #888888;\"><span style=\"font-size: small;\"><em><span style=\"font-size: medium;\"><span style=\"color: #808080;\">Gerhard Bosler, 2. Vorstand, ernennt ihn zum Ehrenvorsitzenden.<\/span><\/span><\/em><\/span><\/span><\/p>\n<p><span style=\"color: #888888;\"><span style=\"font-size: small;\"><em><span style=\"font-size: medium;\"><span style=\"color: #808080;\"><span style=\"font-size: x-large;\">1988<\/span> Das Reiterst\u00fcble wird erweitert.<br \/>\n<\/span><\/span><\/em><\/span><\/span><span style=\"color: #888888;\"><span style=\"font-size: small;\"><em><span style=\"font-size: medium;\"><span style=\"color: #808080;\">Gerhard Bosler wird zum 1. Vorstand gew\u00e4hlt.<\/span><\/span><\/em><\/span><\/span><\/p>\n<p><span style=\"color: #888888;\"><span style=\"font-size: small;\"><em><span style=\"font-size: medium;\"><span style=\"color: #808080;\"><span style=\"font-size: x-large;\">1989<\/span> Jubil\u00e4umsfeier mit 2-t\u00e4gigem Festprogramm<br \/>\nund Einweihung des neuen Reiterst\u00fcbles.<\/span><\/span><\/em><\/span><\/span><\/p>\n<p><span style=\"color: #888888;\"><span style=\"font-size: small;\"><em><span style=\"font-size: medium;\"><span style=\"color: #808080;\"><span style=\"font-size: x-large;\">1991<\/span> Werner Mutschler wird 1. Vorstand,<br \/>\n<\/span><\/span><\/em><\/span><\/span><span style=\"color: #888888;\"><span style=\"font-size: small;\"><em><span style=\"font-size: medium;\"><span style=\"color: #808080;\">Georg Tr\u00f6ster 2. Vorstand.<\/span><\/span><\/em><\/span><\/span><\/p>\n<p><span style=\"color: #888888;\"><span style=\"font-size: small;\"><em><span style=\"font-size: medium;\"><span style=\"color: #808080;\"><span style=\"font-size: x-large;\">1994<\/span> Georg Tr\u00f6ster wird 1. Vorstand.<\/span><\/span><\/em><\/span><\/span><\/p>\n<p><span style=\"color: #888888;\"><span style=\"font-size: small;\"><em><span style=\"font-size: medium;\"><span style=\"color: #808080;\"><span style=\"font-size: x-large;\">2001<\/span> Das Stallgeb\u00e4ude wurde durch den Anbau von 3 Paddocks<br \/>\nerweitert, <\/span><\/span><\/em><\/span><\/span><span style=\"color: #888888;\"><span style=\"font-size: small;\"><em><span style=\"font-size: medium;\"><span style=\"color: #808080;\">eine F\u00fchranlage wird angeschafft.<\/span><\/span><\/em><\/span><\/span><\/p>\n<p><span style=\"font-size: small;\"><em><span style=\"font-size: medium;\"><span style=\"color: #808080;\"><span style=\"font-size: x-large;\">2004<\/span> Im Herbst wird das Hallendach renoviert.<br \/>\nDach und Seitenw\u00e4nde bekommen neue Lichtb\u00e4nder. <\/span><\/span><\/em><\/span><span style=\"font-size: small;\"><em><span style=\"font-size: medium;\"><span style=\"color: #808080;\"><br \/>\nDie Halle ist nun viel heller und wirkt gr\u00f6\u00dfer.<\/span><\/span><\/em><\/span><\/p>\n<p><span style=\"font-size: small;\"><em><span style=\"font-size: medium;\"><span style=\"color: #808080;\"><span style=\"font-size: x-large;\">2006<\/span> Ein neuer Stall mit 5 Paddock-Boxen wird gebaut.<\/span><\/span><\/em><\/span><\/p>\n<p><span style=\"font-size: small;\"><em><span style=\"font-size: medium;\"><span style=\"color: #808080;\"><span style=\"font-size: x-large;\">2007 <span style=\"font-size: medium;\">Der Verein pachtet von der Stadt Pfullingen Weidefl\u00e4chen.<\/span><\/span><\/span><\/span><\/em><\/span><\/p>\n<p><span style=\"font-size: small;\"><em><span style=\"font-size: medium;\"><span style=\"color: #808080;\"><span style=\"font-size: x-large;\"><span style=\"font-size: medium;\"><span style=\"font-size: x-large;\">2009 <span style=\"font-size: medium;\">Das 50j\u00e4hre Vereinsjubil\u00e4um wurde am <span style=\"font-size: x-large;\">14. Juni <span style=\"font-size: medium;\">geb\u00fchrend gefeiert. <\/span><\/span><\/span><\/span><\/span><\/span><\/span><\/span><\/em><\/span><\/p>\n<p><span style=\"font-size: small;\"><em><span style=\"font-size: medium;\"><span style=\"color: #808080;\"><span style=\"font-size: x-large;\"><span style=\"font-size: medium;\"><span style=\"font-size: x-large;\"><span style=\"font-size: medium;\"><span style=\"font-size: x-large;\"><span style=\"font-size: medium;\">Am <span style=\"font-size: x-large;\">26. M\u00e4rz 2010 <span style=\"font-size: medium;\">wird Stefan Tr\u00f6ster als neuer Vereinsvorstand gew\u00e4hlt. Georg Tr\u00f6ster \u00fcbergibt sein Amt nach 16 Jahren.<\/span><\/span><\/span><\/span><\/span><\/span><\/span><\/span><\/span><\/span><\/em><\/span><\/p>\n<p><span style=\"font-size: small;\"><em><span style=\"font-size: medium;\"><span style=\"color: #808080;\"><span style=\"font-size: x-large;\"><span style=\"font-size: medium;\"><span style=\"font-size: x-large;\"><span style=\"font-size: medium;\"><span style=\"font-size: x-large;\"><span style=\"font-size: medium;\"><span style=\"font-size: x-large;\"><span style=\"font-size: medium;\">Am <span style=\"font-size: x-large;\">31. Juli 2010 <span style=\"font-size: medium;\">erh\u00e4lt Stefan Tr\u00f6ster als erstes Vereinsmitglied der Reiterkameradschaft Pfullingen das <span style=\"font-size: large;\">Goldene Reitabzeichen. <span style=\"font-size: medium;\">Zwischen den Jahren 2001 und 2010 erreichte er mit seinem Pferd G\u00f6tterfunke zw\u00f6lf Siege in schweren Pr\u00fcfungen.<\/span><\/span><\/span><\/span><\/span><\/span><\/span><\/span><\/span><\/span><\/span><\/span><\/span><\/span><\/em><\/span><\/p>\n<p><span style=\"font-size: small;\"><em><span style=\"font-size: medium;\"><span style=\"color: #808080;\"><span style=\"font-size: x-large;\"><span style=\"font-size: medium;\"><span style=\"font-size: x-large;\"><span style=\"font-size: medium;\"><span style=\"font-size: x-large;\"><span style=\"font-size: medium;\"><span style=\"font-size: x-large;\"><span style=\"font-size: medium;\"><span style=\"font-size: x-large;\"><span style=\"font-size: medium;\"><span style=\"font-size: large;\"><span style=\"font-size: medium;\">Bei der Generalversammlung am <span style=\"font-size: large;\"><span style=\"font-size: x-large;\">18. Februar 2011<\/span> <\/span><span style=\"color: #c0c0c0;\">wird<\/span> Georg Tr\u00f6ster zum Ehrenvorsitzenden ernannt.<\/span><\/span><\/span><\/span><\/span><\/span><\/span><\/span><\/span><\/span><\/span><\/span><\/span><\/span><\/em><\/span><\/p>\n<p><span style=\"font-size: small;\"><em><span style=\"font-size: medium;\"><span style=\"color: #808080;\"><span style=\"font-size: x-large;\"><span style=\"font-size: medium;\"><span style=\"font-size: x-large;\"><span style=\"font-size: medium;\"><span style=\"font-size: x-large;\"><span style=\"font-size: medium;\"><span style=\"font-size: x-large;\"><span style=\"font-size: medium;\"><span style=\"font-size: x-large;\"><span style=\"font-size: medium;\"><span style=\"font-size: large;\"><span style=\"font-size: medium;\"><br \/>\nIm Fr\u00fchling <span style=\"font-size: x-large;\">2012 <span style=\"font-size: medium;\">wird auf dem Dach der Reithalle eine Photovoltaikanlage installiert.\u00a0 <\/span><\/span><\/span><\/span><\/span><\/span><\/span><\/span><\/span><\/span><\/span><\/span><\/span><\/span><\/span><\/span><\/em><\/span><\/p>\n<h3><em><span style=\"color: #808080;\">Von <strong>Oktober 2013 &#8211; Mai 2014<\/strong> wurde der untere Reitplatz von Grund auf saniert und mit Stremmer Reitsand aufgef\u00fcllt. Die Umrandung ist jetzt aus Edelstahl. Die alte Holztrib\u00fcne wurde abgerissen, hier wurde ein Weg angelegt. <\/span><\/em><\/h3>\n<h3><em>Im <strong>Juni 2019<\/strong> wurde auch der obere Reitplatz saniert und mit Stremmer Reitsand aufgef\u00fcllt.<\/em><\/h3>\n<p><span style=\"font-size: small;\"><em><span style=\"font-size: medium;\"><span style=\"color: #808080;\"><span style=\"font-size: x-large;\"><span style=\"font-size: medium;\"><span style=\"font-size: x-large;\"><span style=\"font-size: medium;\"><span style=\"font-size: x-large;\"><span style=\"font-size: medium;\"><span style=\"font-size: x-large;\"><span style=\"font-size: medium;\"><span style=\"font-size: x-large;\"><span style=\"font-size: medium;\"><span style=\"font-size: large;\"><span style=\"font-size: medium;\">\u00a0<\/span><\/span><\/span><\/span><\/span><\/span><\/span><\/span><\/span><\/span><\/span><\/span><\/span><\/span><\/em><\/span><\/p>\n<p><span style=\"font-size: small;\"><em><span style=\"font-size: medium;\"><span style=\"color: #808080;\"><span style=\"font-size: x-large;\"><span style=\"font-size: medium;\"><span style=\"font-size: x-large;\"><span style=\"font-size: medium;\"><span style=\"font-size: x-large;\"><span style=\"font-size: medium;\"><span style=\"font-size: x-large;\"><span style=\"font-size: medium;\">\u00a0<\/span><\/span><\/span><\/span><\/span><\/span><\/span><\/span><\/span><\/span><\/em><\/span><\/p>\n","protected":false},"excerpt":{"rendered":"<p>Die Vereinsgeschichte Fast das ganze Jahr 1959 hindurch traf sich im Klostergarten regelm\u00e4\u00dfig eine kleine Gruppe junger Leute &#8211; reitsportbegeisterte Pferdefreunde. Gegen Ende des Jahres konnte man daran denken einen Verein zu gr\u00fcnden. Dies geschah am 12. Dezember 1959 in der Gr\u00fcndungsversammlung im Gasthaus zum Bahnhof. Der Verein erhielt den Namen:Reiterkameradschaft Pfullingen Gr\u00fcndungsmitglieder: Ludwig Tr\u00f6ster [&hellip;]<\/p>\n","protected":false},"author":1,"featured_media":0,"parent":0,"menu_order":0,"comment_status":"closed","ping_status":"closed","template":"","meta":{"footnotes":""},"_links":{"self":[{"href":"http:\/\/reiterkameradschaft-pfullingen.de\/home\/wp-json\/wp\/v2\/pages\/6"}],"collection":[{"href":"http:\/\/reiterkameradschaft-pfullingen.de\/home\/wp-json\/wp\/v2\/pages"}],"about":[{"href":"http:\/\/reiterkameradschaft-pfullingen.de\/home\/wp-json\/wp\/v2\/types\/page"}],"author":[{"embeddable":true,"href":"http:\/\/reiterkameradschaft-pfullingen.de\/home\/wp-json\/wp\/v2\/users\/1"}],"replies":[{"embeddable":true,"href":"http:\/\/reiterkameradschaft-pfullingen.de\/home\/wp-json\/wp\/v2\/comments?post=6"}],"version-history":[{"count":69,"href":"http:\/\/reiterkameradschaft-pfullingen.de\/home\/wp-json\/wp\/v2\/pages\/6\/revisions"}],"predecessor-version":[{"id":148296,"href":"http:\/\/reiterkameradschaft-pfullingen.de\/home\/wp-json\/wp\/v2\/pages\/6\/revisions\/148296"}],"wp:attachment":[{"href":"http:\/\/reiterkameradschaft-pfullingen.de\/home\/wp-json\/wp\/v2\/media?parent=6"}],"curies":[{"name":"wp","href":"https:\/\/api.w.org\/{rel}","templated":true}]}}